68
What is the remainder when 43201 is divided by 5223?
1417
What is the remainder when 514052 is divided by 171014?
1010
Calculate the remainder when 2235819 is divided by 447158.
29
Calculate the remainder when 14680 is divided by 12082.
2598
Calculate the remainder when 14928 is divided by 2883.
513
Calculate the remainder when 17555611 is divided by 1.
0
What is the remainder when 928925 is divided by 84304?
1581
Calculate the remainder when 1834877 is divided by 1039.
3
Calculate the remainder when 11524019 is divided by 2106.
2093
What is the remainder when 75682 is divided by 2425?
507
Calculate the remainder when 1862047 is divided by 372401.
42
What is the remainder when 697117 is divided by 29045?
37
What is the remainder when 3744761 is divided by 176?
9
Calculate the remainder when 4128374 is divided by 2855.
44
What is the remainder when 382162469 is divided by 1433?
1431
What is the remainder when 3301965 is divided by 200?
165
Calculate the remainder when 1737412 is divided by 6790.
5962
What is the remainder when 598890302 is divided by 4?
2
What is the remainder when 2160079 is divided by 1854?
169
What is the remainder when 8041070 is divided by 1428?
2
Calculate the remainder when 33260 is divided by 913.
392
What is the remainder when 1537474 is divided by 59129?
120
Calculate the remainder when 623894 is divided by 377.
336
What is the remainder when 2341668 is divided by 780529?
81
Calculate the remainder when 66362 is divided by 407.
21
What is the remainder when 4557334 is divided by 121?
111
Calculate the remainder when 7200825 is divided by 690.
675
What is the remainder when 49075 is divided by 48419?
656
Calculate the remainder when 60811 is divided by 5771.
3101
Calculate the remainder when 1604262 is divided by 42.
30
What is the remainder when 4503665 is divided by 138?
35
What is the remainder when 76303646 is divided by 130211?
0
What is the remainder when 12188800 is divided by 6094398?
4
What is the remainder when 698207 is divided by 349086?
35
Calculate the remainder when 24508726 is divided by 272319.
16
What is the remainder when 747062 is divided by 1049?
174
Calculate the remainder when 13068 is divided by 2591.
113
What is the remainder when 2382124 is divided by 794034?
22
What is the remainder when 146621 is divided by 867?
98
What is the remainder when 518 is divided by 413?
105
What is the remainder when 165904 is divided by 81966?
1972
What is the remainder when 7180450 is divided by 48846?
88
Calculate the remainder when 97447 is divided by 2710.
2597
What is the remainder when 1659 is divided by 623?
413
Calculate the remainder when 213420 is divided by 35.
25
What is the remainder when 15736119 is divided by 145?
139
What is the remainder when 6081861 is divided by 2332?
5
What is the remainder when 49087975 is divided by 51027?
1
What is the remainder when 1827574 is divided by 228446?
6
What is the remainder when 1650706 is divided by 825101?
504
Calculate the remainder when 5490030 is divided by 250.
30
Calculate the remainder when 7817873 is divided by 3908934.
5
Calculate the remainder when 1592065 is divided by 969.
967
Calculate the remainder when 100045 is divided by 332.
113
What is the remainder when 39285512 is divided by 1506?
1502
Calculate the remainder when 307178 is divided by 371.
361
Calculate the remainder when 102055 is divided by 16947.
373
What is the remainder when 16322 is divided by 1338?
266
What is the remainder when 748583 is divided by 83173?
26
What is the remainder when 16982477 is divided by 17154?
17
What is the remainder when 4305427 is divided by 2840?
2827
What is the remainder when 47215164 is divided by 1001?
997
Calculate the remainder when 1096739 is divided by 88.
83
What is the remainder when 17922800 is divided by 4480696?
16
What is the remainder when 3689083 is divided by 1445?
1443
What is the remainder when 32276428 is divided by 176?
140
Calculate the remainder when 757519 is divided by 220.
59
Calculate the remainder when 76600 is divided by 70104.
6496
What is the remainder when 91653 is divided by 2471?
226
What is the remainder when 59499175 is divided by 2340?
2335
Calculate the remainder when 2167188 is divided by 18366.
0
Calculate the remainder when 115245 is divided by 183.
138
Calculate the remainder when 63905 is divided by 1784.
1465
Calculate the remainder when 4732886 is divided by 1185.
1181
What is the remainder when 442322 is divided by 73709?
68
What is the remainder when 18211772 is divided by 6339?
6164
Calculate the remainder when 821784 is divided by 14416.
72
What is the remainder when 11204 is divided by 707?
599
What is the remainder when 61963 is divided by 2478?
13
What is the remainder when 31435065 is divided by 7112?
25
What is the remainder when 409881381 is divided by 648?
645
What is the remainder when 308914 is divided by 952?
466
Calculate the remainder when 96675 is divided by 488.
51
Calculate the remainder when 1537507 is divided by 28966.
2309
What is the remainder when 117816 is divided by 57231?
3354
What is the remainder when 30274 is divided by 444?
82
What is the remainder when 5098031 is divided by 1699319?
74
Calculate the remainder when 222692 is divided by 31307.
3543
What is the remainder when 12803436 is divided by 451?
448
Calculate the remainder when 21841238 is divided by 176139.
2
Calculate the remainder when 41445278 is divided by 6.
2
Calculate the remainder when 632462 is divided by 210663.
473
What is the remainder when 266058516 is divided by 1362?
1350
What is the remainder when 109003360 is divided by 382?
42
Calculate the remainder when 26920208 is divided by 2135.
2128
Calculate the remainder when 184214 is divided by 1396.
1338
Calculate the remainder when 33160 is divided by 5499.
166
Calculate the remainder when 89096 is divided by 786.
278
What is the remainder when 6179987 is divided by 198?
11
What is the remainder when 91670842 is divided by 62?
60
Calculate the remainder when 230460 is divided by 92.
0
Calculate the remainder when 228668 is divided by 500.
168
What is the remainder when 26732 is divided by 13279?
174
What is the remainder when 4744573 is divided by 275?
273
What is the remainder when 3179549 is divided by 3940?
3909
Calculate the remainder when 201967 is divided by 201965.
2
What is the remainder when 19473688 is divided by 72663?
4
What is the remainder when 41341 is divided by 40828?
513
Calculate the remainder when 64648 is divided by 1078.
1046
Calculate the remainder when 85167 is divided by 11932.
1643
What is the remainder when 14835560 is divided by 4268?
4260
What is the remainder when 705366 is divided by 705361?
5
Calculate the remainder when 778904 is divided by 17.
15
Calculate the remainder when 49134 is divided by 8112.
462
Calculate the remainder when 375213 is divided by 5750.
1463
What is the remainder when 506280 is divided by 1609?
1054
Calculate the remainder when 4853958 is divided by 990.
978
What is the remainder when 59012 is divided by 9809?
158
What is the remainder when 1360499 is divided by 22?
19
Calculate the remainder when 331458 is divided by 118.
114
Calculate the remainder when 383105 is divided by 6384.
65
Calculate the remainder when 191261844 is divided by 8385.
8379
What is the remainder when 1600203 is divided by 2293?
1982
What is the remainder when 39665114 is divided by 13221672?
98
Calculate the remainder when 6142854 is divided by 48.
6
Calculate the remainder when 1826195 is divided by 152164.
227
Calculate the remainder when 5879343 is divided by 1469831.
19
What is the remainder when 502040 is divided by 27887?
74
Calculate the remainder when 752364 is divided by 598.
80
Calculate the remainder when 182101 is divided by 60675.
76
Calculate the remainder when 395012 is divided by 1250.
12
Calculate the remainder when 17335967 is divided by 20.
7
What is the remainder when 1459548 is divided by 4801?
44
Calculate the remainder when 152451 is divided by 481.
455
Calculate the remainder when 99411 is divided by 1014.
39
Calculate the remainder when 2888919 is divided by 40.
39
What is the remainder when 662989 is divided by 1709?
1606
What is the remainder when 5509544 is divided by 6638?
4
Calculate the remainde